 of 42 and 28.
14
What is the highest common factor of 84 and 192?
12
What is the greatest common divisor of 276 and 12?
12
Calculate the highest common factor of 9 and 423.
9
What is the highest common factor of 1368 and 54?
18
Calculate the greatest common factor of 3 and 96.
3
Calculate the greatest common factor of 1526 and 84.
14
What is the greatest common factor of 24 and 1648?
8
Calculate the highest common divisor of 111 and 3552.
111
Calculate the greatest common divisor of 290 and 980.
10
What is the greatest common factor of 74 and 7030?
74
What is the greatest common factor of 535 and 5?
5
Calculate the greatest common divisor of 1539 and 2997.
81
What is the highest common divisor of 80500 and 28?
28
Calculate the greatest common divisor of 28 and 12.
4
What is the highest common factor of 35 and 595?
35
What is the greatest common divisor of 135 and 297?
27
Calculate the highest common divisor of 798 and 456.
114
Calculate the highest common factor of 1356 and 1469.
113
Calculate the greatest common factor of 19715 and 5.
5
Calculate the highest common factor of 18 and 414.
18
What is the greatest common divisor of 155 and 124?
31
Calculate the greatest common factor of 7 and 977.
1
Calculate the highest common divisor of 125 and 6825.
25
What is the greatest common divisor of 6 and 20?
2
What is the highest common factor of 231 and 385?
77
What is the greatest common divisor of 140 and 460?
20
What is the greatest common divisor of 40006 and 166?
166
What is the highest common factor of 210 and 168?
42
What is the greatest common divisor of 11635 and 65?
65
Calculate the highest common divisor of 14 and 126.
14
Calculate the highest common factor of 276 and 1748.
92
Calculate the highest common divisor of 435 and 4089.
87
What is the highest common divisor of 42244 and 118?
118
What is the highest common factor of 388 and 5917?
97
Calculate the highest common divisor of 970 and 40.
10
What is the highest common divisor of 5753 and 11?
11
Calculate the highest common divisor of 91 and 3367.
91
What is the highest common divisor of 232 and 39788?
116
Calculate the highest common divisor of 64 and 16.
16
What is the greatest common divisor of 949 and 511?
73
Calculate the greatest common factor of 14288 and 47.
47
What is the greatest common divisor of 1167 and 3?
3
What is the highest common factor of 5239 and 31?
31
Calculate the highest common divisor of 57 and 3325.
19
Calculate the highest common factor of 243 and 9.
9
Calculate the greatest common divisor of 60 and 400.
20
What is the highest common divisor of 14 and 1210?
2
What is the highest common factor of 104 and 91?
13
Calculate the greatest common factor of 4 and 31.
1
Calculate the greatest common divisor of 648 and 144.
72
Calculate the greatest common factor of 160 and 880.
80
Calculate the highest common divisor of 180 and 2088.
36
Calculate the greatest common divisor of 2 and 128.
2
Calculate the greatest common divisor of 91 and 203.
7
Calculate the greatest common divisor of 46 and 230.
46
Calculate the greatest common factor of 22 and 539.
11
Calculate the greatest common factor of 517 and 22.
11
What is the greatest common factor of 4670 and 10?
10
What is the highest common factor of 3818 and 46?
46
What is the greatest common divisor of 8630 and 10?
10
Calculate the highest common factor of 5053 and 31.
31
Calculate the greatest common divisor of 1295 and 5.
5
Calculate the greatest common divisor of 1330 and 760.
190
Calculate the highest common divisor of 180 and 60.
60
Calculate the greatest common divisor of 8798 and 106.
106
What is the greatest common divisor of 172 and 10148?
172
Calculate the greatest common factor of 13 and 6708.
13
What is the greatest common factor of 1369 and 111?
37
Calculate the greatest common divisor of 5 and 137.
1
What is the highest common divisor of 1950 and 4134?
78
Calculate the highest common divisor of 6860 and 40.
20
Calculate the greatest common divisor of 19 and 1577.
19
What is the greatest common divisor of 1504 and 94?
94
What is the greatest common factor of 4141 and 505?
101
Calculate the greatest common divisor of 966 and 18.
6
What is the highest common divisor of 192 and 6?
6
What is the greatest common factor of 66 and 891?
33
What is the greatest common divisor of 90 and 234?
18
Calculate the greatest common divisor of 63 and 918.
9
Calculate the greatest common factor of 416 and 32.
32
Calculate the highest common factor of 144992 and 32.
32
Calculate the greatest common divisor of 16817 and 536.
67
Calculate the highest common factor of 27 and 333.
9
What is the highest common factor of 740 and 20?
20
Calculate the greatest common factor of 12667 and 424.
53
What is the highest common factor of 485 and 776?
97
What is the greatest common factor of 954 and 18?
18
Calculate the highest common divisor of 1014 and 156.
78
Calculate the greatest common divisor of 2816 and 132.
44
Calculate the highest common divisor of 63 and 168.
21
Calculate the greatest common factor of 324 and 144.
36
Calculate the highest common factor of 17 and 73.
1
Calculate the greatest common divisor of 28 and 52.
4
Calculate the highest common divisor of 1176 and 245.
49
What is the highest common factor of 62 and 2511?
31
What is the greatest common divisor of 371 and 265?
53
What is the greatest common factor of 1001 and 637?
91
Calculate the greatest common factor of 25 and 535.
5
Calculate the highest common divisor of 25382 and 147.
49
Calculate the greatest common factor of 36 and 45.
9
What is the highest common factor of 20 and 2615?
5
Calculate the highest common factor of 1563 and 6.
3
Calculate the greatest common divisor of 160 and 8080.
80
Calculate the greatest common factor of 42 and 399.
21
Calculate the greatest common divisor of 81 and 108.
27
Calculate the greatest common divisor of 726 and 132.
66
Calculate the highest common factor of 69 and 1311.
69
Calculate the highest common factor of 1057 and 91.
7
What is the greatest common factor of 63 and 9?
9
What is the highest common divisor of 908 and 16?
4
What is the highest common factor of 933 and 3?
3
Calculate the greatest common divisor of 3636 and 48.
12
What is the highest common divisor of 60 and 50?
10
What is the greatest common factor of 1080 and 54?
54
Calculate the greatest common factor of 25 and 325.
25
Calculate the greatest common divisor of 2618 and 616.
154
Calculate the greatest common divisor of 36 and 12.
12
What is the greatest common factor of 33 and 3300?
33
Calculate the highest common factor of 32 and 1328.
16
What is the highest common divisor of 506 and 92?
46
What is the greatest common factor of 625 and 14500?
125
Calculate the highest common factor of 96 and 224.
32
Calculate the highest common divisor of 1166 and 176.
22
What is the highest common divisor of 1305 and 495?
45
Calculate the highest common divisor of 36 and 54.
18
Calculate the highest common factor of 508 and 44.
4
Calculate the greatest common divisor of 87 and 203.
29
Calculate the greatest common divisor of 847 and 616.
77
What is the greatest common divisor of 826 and 28?
14
What is the highest common factor of 26 and 624?
26
What is the highest common divisor of 6 and 54?
6
Calculate the highest common factor of 53 and 53.
53
Calculate the highest common factor of 5 and 125.
5
Calculate the highest common factor of 2071 and 327.
109
What is the greatest common factor of 26 and 936?
26
Calculate the highest common factor of 11 and 462.
11
What is the highest common factor of 3962 and 126?
14
What is the greatest common divisor of 45 and 360?
45
What is the highest common factor of 585 and 15?
15
Calculate the greatest common divisor of 2934 and 54.
18
What is the highest common factor of 58 and 261?
29
What is the greatest common factor of 4176 and 116?
116
Calculate the highest common factor of 105 and 49.
7
What is the greatest common divisor of 1176 and 1225?
49
What is the greatest common factor of 495 and 55?
55
Calculate the highest common factor of 1969 and 11.
11
What is the greatest common divisor of 640 and 6016?
128
Calculate the highest common factor of 10 and 5.
5
Calculate the greatest common factor of 3645 and 54.
27
What is the highest c